= 5*i + 4*s - 120. Calculate the remainder when i is divided by n.
9
Suppose 4 = -2*d + 12. Suppose 0 = 4*f - 2*l - 60, 45 = 3*f - d*l + 2*l. What is the remainder when (38/8)/((-17)/(-204)) is divided by f?
12
Let t(w) = -w**3 + 5*w**2 + 6*w - 1. Suppose 0*y - 3*y = 0. What is the remainder when t(5) is divided by (y + 2/3)*15?
9
Let m(d) = -d**2 - 19*d + 14. What is the remainder when 50 is divided by m(-19)?
8
Let i(f) = -f + 15. Let q be i(11). Suppose -3*l + 60 = -2*m + 20, -q*m = -5*l + 64. Calculate the remainder when l is divided by 6.
4
Let l(i) = -i**3 + 2*i**2 - 2*i - 4. What is the remainder when l(-2) is divided by (-38)/(-6) - 1/3?
4
Let f(d) = 6*d + 2. Let w be f(-5). Let m = w + 45. What is the remainder when (4/(-4))/(1/(-33)) is divided by m?
16
Suppose 14 = -2*l - 2*a, 5*a + 5 = 4*l - 3. Let h(n) = 4*n**2 - 2*n + 1. What is the remainder when (10/6)/(l/(-9)) is divided by h(1)?
2
Suppose 0 = -4*k + 5*m + 149, 2*k - k + 3*m = 33. Suppose -4*d + 0*v + 49 = 3*v, 3*d + 2*v = k. What is the remainder when d is divided by 4?
2
Suppose -a + 5 = 5*h - 21, 5*h = -3*a + 38. Suppose 23 = 3*p + 4*w, -5*w = -3*p + 5*p - a. Let m = -9 + 33. Calculate the remainder when m is divided by p.
11
Let a = -183 - -416. Calculate the remainder when a is divided by 47.
45
Suppose 5*k - 24 = k. Let r be 231/k*12/7. Let j = -46 + r. What is the remainder when j is divided by 11?
9
Let h(c) = 3*c**3 - c**2 - 3*c - 2. Let l(u) = -u**3 + 2*u + 1. Let o(v) = 2*h(v) + 5*l(v). Calculate the remainder when o(3) is divided by 12.
10
Suppose -36*b + 93 = -5*b. Calculate the remainder when 0/(-2) + 2*4 is divided by b.
2
Suppose -63*o + 168 = -59*o. Let h = 50 - 35. Calculate the remainder when o is divided by h.
12
Let c(m) = m**3 + 11*m**2 - 26*m + 6. Calculate the remainder when c(-13) is divided by 3.
0
Suppose -10 - 6 = -2*y. Let l = y + 1. Calculate the remainder when 35 is divided by l.
8
Let o(h) = -16*h**3 - 4*h - 4. Let w(r) = r**3 + 5*r**2 - 2*r - 4. What is the remainder when w(3) is divided by o(-1)?
14
Suppose 202*f - 21 = 199*f. Let d = 14 + -1. What is the remainder when d is divided by f?
6
Suppose 0 = -2*j - 9 + 21. Suppose j*z - 4*z - v - 123 = 0, -3*v + 143 = 2*z. What is the remainder when z is divided by 22?
20
Suppose 12 = i + 2*i. Suppose 0 = -i*c - 11 + 43. Calculate the remainder when (-87)/(-4) + 2/8 is divided by c.
6
Let t(o) = o**3 - 2*o**2 + 3. Let z be t(3). Let x = 20 - z. Suppose 0 = 3*f - 2*f - 23. What is the remainder when f is divided by x?
7
Suppose n + 6 = 5*l - 1, n = -3*l + 25. Suppose y = -4*m - y + 18, 0 = -4*m + y + 15. Suppose -c - 111 = -m*c. What is the remainder when c is divided by n?
11
Suppose 100*g + 114 = 103*g. Let v(a) = a**2 - a. What is the remainder when g is divided by v(-4)?
18
Let v(u) = -u**2 - 3*u + 5. Let p be ((-10)/8)/(3/(-12)). Let i = -4 + p. What is the remainder when i is divided by v(-4)?
0
Let t = -84 + 116. Let f = 92 - 30. What is the remainder when f is divided by t?
30
Let w(s) = -s**2 + 4*s. Let d be w(3). Suppose -d*t = 2 + 4. Calculate the remainder when 11 is divided by 8/(t + 1 + 3).
3
Let w(d) = d**2 - 21*d + 74. What is the remainder when w(22) is divided by 28?
12
Suppose 2*j + 2*w + 2 - 44 = 0, 2*j - w - 27 = 0. Suppose 3 + 245 = 4*g. Calculate the remainder when g is divided by j.
14
Suppose 0*b = 3*b - 6. Suppose -b*x = x - 5*n - 13, -2*n = -8. Calculate the remainder when 32 is divided by x.
10
Suppose -9*a - a = -260. Calculate the remainder when 65 is divided by a.
13
Suppose 3*w = 2*w + 16. Calculate the remainder when w is divided by 9.
7
Suppose -3*v = -179 + 59. Suppose 4*t + t - 2*u = v, 0 = -t - 3*u + 8. Let l = -23 - -38. What is the remainder when l is divided by t?
7
Suppose -5*m + 2*m = -60. Suppose m = 2*d - 74. What is the remainder when d is divided by 16?
15
Let j be 2/7 + (-200)/(-35). Suppose -z + 15 = -j*m + 2*m, 37 = 3*z - 4*m. What is the remainder when 21 is divided by z?
10
Suppose -3*w = 5*t + 15, w = -2*t - w - 10. Suppose -5*z = -t*z - 55. Calculate the remainder when 20 is divided by z.
9
Let p be (-2)/(-5) - (-4)/(-10). Suppose -t + 0*b = -2*b, p = 5*t - b - 9. Suppose -t*d - 112 = -4*d. Calculate the remainder when d is divided by 19.
18
Let f = 160 - 133. What is the remainder when f is divided by 17?
10
Let a(y) = 4*y**2 - y. Let t be a(1). Let w(q) = q**2 + 4*q - 7. Let r be w(-5). Let c = t - r. Calculate the remainder when c is divided by 3.
2
Let s = 537 + -356. Calculate the remainder when s is divided by 46.
43
Suppose 5*l = 6*l - 2. Suppose -l*r + 20 = -4. Calculate the remainder when 23 is divided by r.
11
Let u(s) = s**2 + 4*s + 2. Suppose 0 = -p - 1 + 2. Suppose z = 13 - p. What is the remainder when u(5) is divided by z?
11
Suppose 49 = 4*t - b - 0, -31 = -3*t - 5*b. Calculate the remainder when 201 is divided by t.
9
Suppose 4*y = 123 + 173. Let n = 117 - y. What is the remainder when n is divided by 15?
13
Let a be (0 - 0)*2/(-4). Let h(u) = u**2 + u + 1. Let w be h(a). Calculate the remainder when 64 is divided by 3*w + 17 + 2.
20
Suppose 2*u + 2*y = 6 - 0, 3*u - 2*y - 34 = 0. Suppose -22*s = -23*s + u. What is the remainder when s is divided by 3?
2
What is the remainder when 44 is divided by -3 + 3 + -1 - -24?
21
Let k(b) = 0*b**2 - 2 + 0 + 1 + b**2. Let p(h) = 4*h**2 - 4*h - 3. Let z(t) = 5*k(t) - p(t). Calculate the remainder when 28 is divided by z(-6).
8
Let r = 77 + -65. Calculate the remainder when r is divided by (6/(-4) + 1)*-14.
5
Let h be -3 - -2 - 0/(-1). What is the remainder when 5*((-18)/(-10) - 1) is divided by (2/(-3))/(h/3)?
0
Let v(m) = m**2 - 7*m - 4. Calculate the remainder when v(9) is divided by 4.
2
Let a(w) = 3*w + 6. What is the remainder when 33 is divided by a(2)?
9
Suppose 6 = -3*g - 0. Suppose 5*x - 2*l = 108, -4*x = -x - 4*l - 76. What is the remainder when x is divided by (-1)/g - (-84)/8?
9
Suppose 4*d - 6 = 10. Calculate the remainder when (-3)/6*(-3 - 23) is divided by d.
1
Suppose -3*o = 2*o - 25. Let x = o + -2. Suppose u + x*h - 55 = -u, 4*u + h = 135. What is the remainder when u is divided by 12?
11
Let x(l) = 32*l - 4. What is the remainder when x(3) is divided by 31?
30
Suppose 1895 = -4*z + o, 1418 = z - 4*z + 4*o. Calculate the remainder when 125 is divided by (-2)/(-5) - z/15.
29
Suppose 0 = -5*a + 4*g + 113, -5*g + 15 = a + 4. What is the remainder when 61 is divided by a?
19
Let w be (6 - 9) + 6 + 1. Suppose -w*q + 9 = -q. What is the remainder when q is divided by 1?
0
Let p(i) = -i**3 + i + 7. Suppose 4*s = -3*z - 4, 4*s - 4 = -8. Let n = 3 - -2. What is the remainder when p(z) is divided by n?
2
Suppose 2 = -x - 1. What is the remainder when 5 is divided by ((-2)/x)/(1/3)?
1
Let m be (-21)/(2 - 33/18). Let o = m - -71. Let p = 104 + o. Calculate the remainder when p is divided by 17.
15
Let w be (-2)/6*-1*15. Let c be (0 + w)*(-24)/(-15). Let f = c + 2. What is the remainder when f is divided by 6?
4
Suppose -i + 8 = 4*z, i + 32 = 5*i - 2*z. Let c(p) = -p**3 - 5*p**2 - p + 2. Let x be c(-3). Let k = x + 27. What is the remainder when k is divided by i?
6
Let z(j) = -j - 9 + 9 + 23*j**2. Calculate the remainder when z(1) is divided by 6.
4
Suppose 0 = -6*n + 41 + 7. What is the remainder when 28 is divided by n?
4
Suppose -3*c - c + 48 = 0. Calculate the remainder when 46/3*(-3)/(-2) is divided by c.
11
Suppose -2*z = z + 9. Let y be 3*-4*z/(-6). What is the remainder when 13 is divided by 2/y - (-22)/3?
6
What is the remainder when 76 is divided by 13*(-13 - -4)/(-3)?
37
Let h = -4 + 21. Calculate the remainder when 48 is divided by h.
14
Let d be (1/1)/((-1)/(-5)). Suppose 711 = d*y + 6. Suppose -4*g = -91 - y. What is the remainder when g is divided by 20?
18
Let x(g) = 6*g**2 - 3*g + 3. What is the remainder when x(-3) is divided by 23?
20
Suppose -3*c = -28 + 1. Let s = c + 2. Calculate the remainder when s is divided by 4.
3
Let p(g) = -g - 5. Calculate the remainder when (-31)/(-4) + 2/8 is divided by p(-8).
2
Calculate the remainder when 35/(-7)*28/(-5) is divided by 15.
13
Let j(s) be the first derivative of -15*s**2/2 - 2*s + 4. Calculate the remainder when j(-3) is divided by 15.
13
Let h = -5 - -20. Let z(p) = 3*p**3 + 2*p + 1. Calculate the remainder when z(2) i